s the units digit of 4 + (n + -1)/(-3)?
3
Let b(p) = p**3 + p**2 - p + 39. What is the units digit of b(0)?
9
Let n(g) = 2*g**3 + 13*g**2 + 4*g + 14. Let p be n(-6). Suppose 2*o + 7 = -11. Let q = o + p. What is the tens digit of q?
1
Suppose -3*t + 51 = -4*q, 0 = -4*q - 4*t - 9 - 7. Let b be 4/(-6)*q/2. Suppose -u = -b - 4. What is the units digit of u?
7
Suppose 5*o + 406 = 3*m, 4*o = 4*m + 7*o - 551. What is the units digit of m?
7
Let r = 29 + 2. What is the units digit of r?
1
Let l = -36 - -98. What is the units digit of l?
2
What is the units digit of (0 + 2 + 13)/1?
5
Let p = 250 + -83. What is the hundreds digit of p?
1
Let z(q) = q**2 + 8*q - 3. Let u be z(-8). Let c = -3 - u. Suppose 2*g - 41 = -5*p + 5*g, 3*g + 6 = c. What is the units digit of p?
7
Let r(a) = -a**3 - 20*a**2 - 20*a - 1. What is the units digit of r(-19)?
8
Let d = -12 - -41. What is the units digit of d?
9
What is the units digit of ((-2)/(-4))/((-2)/(-84))?
1
What is the tens digit of (2 - (-5)/(-3))/(2/942)?
5
What is the tens digit of ((-24)/7)/((-4)/28)?
2
Suppose -2*a - 2*a + 240 = 0. What is the units digit of a?
0
Suppose o - 3 = -2*f - 24, 0 = -3*f + 3*o - 9. What is the units digit of (12/f)/(3/(-2))?
1
Let c = 14 - 29. Let l be (6/c)/(1/(-5)). Suppose m - 31 = -l*d - 2*d, 4*d - 8 = 0. What is the tens digit of m?
2
Suppose 5*f - 4*l = 60, l = f - 4*l - 12. What is the tens digit of ((-8)/f)/((-2)/45)?
1
Let n(c) = 3*c**3 - c**2 - 2*c - 1. Let j be n(2). Let x be -2*(2 - j/6). What is the units digit of (2/(-1))/(x/(-2))?
4
Let h = -5 + 1. What is the tens digit of ((-36)/(-21))/(h/(-28))?
1
Let j be 96/54 + (-2)/(-9). Suppose -5*n + 112 = 2*m, -j*n + 7*n - 2*m = 128. Suppose u + 3*u = n. What is the units digit of u?
6
Suppose -4*r + 611 = 3*g, 238 = 5*r - 2*g - 520. What is the tens digit of r?
5
Let g = 5 - -23. Suppose -4 = 2*p - g. What is the tens digit of p?
1
What is the tens digit of ((-168)/15)/(4/(-10))?
2
Suppose 0 = -3*u + 2*q + 48, -5*q - 4 + 3 = u. What is the tens digit of u?
1
Let t be 4*(3 + 12/(-8)). What is the units digit of (99/(-6))/(t/(-8))?
2
Suppose 4*s = -2*b + 334, -4*s + b + 296 + 35 = 0. What is the tens digit of s?
8
Let u = -71 - -146. What is the units digit of u?
5
Let y(l) = -l**2 - 4*l + 4. Let u be y(-4). Suppose 34 = u*w - 4*m - 2, -2*m = -6. Suppose -2*b = b - w. What is the units digit of b?
4
Let f(p) = -2*p - 7. Let d be f(-5). Suppose -4*x - d = -15. Suppose -5*u = -5*i - 20, x*u = -u - 3*i + 44. What is the units digit of u?
8
Suppose -4*g = -58 - 30. Suppose -3*p + g = -p. What is the tens digit of p?
1
What is the tens digit of 3/6*38 + 1?
2
Let v(k) = -2*k - 20. Let o be v(-11). Suppose x = 4*j + 3*x - 150, j = o*x + 25. What is the units digit of j?
5
Let s(o) = -2*o - 10. Let d be s(-6). Suppose -3*b = -d*t + 5*t - 18, 12 = 2*t + b. What is the units digit of t?
6
Suppose 3*j + 44 = 7*j. Let h = j - -9. What is the units digit of h?
0
Let s be 9 + 1 + 0 + 0. What is the tens digit of 116/s - (-2)/5?
1
What is the units digit of 22/(-11)*(-1)/2?
1
Suppose -3*t + 2 = -3*u + 26, t - 10 = -5*u. What is the tens digit of ((-297)/(-45))/((-1)/t)?
3
Suppose -27 = 5*c - 2. Suppose -8 = -5*j - 103. Let l = c - j. What is the tens digit of l?
1
What is the units digit of (-3 - (-2 + -4))*9?
7
Let b(v) = -2. Let s(w) = w - 2. Let d(x) = 3*b(x) - 4*s(x). What is the units digit of d(-3)?
4
Suppose -5*x = 4*f - 64, -5*f - x = x - 97. What is the units digit of f?
1
Let g(h) = h**2 - 2*h + 1. Let s be 3/2*(5 - 3). Let n be g(s). Suppose n*y - 8 = -0. What is the units digit of y?
2
Let x = -255 + 117. What is the tens digit of 3/15 - x/10?
1
Let v = -2 - -23. What is the units digit of v?
1
Suppose 76 = -h + 79. Let d be (-8)/6*(2 - 5). Suppose -d*w - 4*z + 28 = 0, 4*z = h*w + z - 27. What is the units digit of w?
8
Suppose -8 - 31 = -5*w + f, -33 = -3*w + 3*f. What is the tens digit of 34 + -3 + (w - 1)?
3
Let b be (-1)/2*(0 - 4). Suppose -4*d - 2 = -3*j, 0*d + b*d - 8 = -3*j. Suppose 2*x - 6 + 0 = -2*n, -j*x = 5*n - 9. What is the units digit of x?
2
What is the units digit of 4/22 + 3690/33?
2
Let q(m) = 2*m**2 - m - 8. What is the units digit of q(-5)?
7
Let t(x) = 5*x**2 - 1. Let h be t(1). Let c be 0*(5/2 + -2). Suppose c = h*r - 28. What is the units digit of r?
7
Let m(v) = v**2 - v + 1. Let r be m(1). Let o = 4 - r. What is the units digit of o?
3
Suppose -5*u + 0*u + 60 = 0. Let m = u + -2. What is the units digit of m?
0
Suppose -190*l + 194*l = 1296. What is the hundreds digit of l?
3
What is the tens digit of ((-8)/(-12))/((-2)/(-33))?
1
Suppose -3*s + 0 = -27. Let w(b) = -b**2 + 8*b + 6. Let l be w(s). What is the units digit of (-26)/(-6) - l/(-9)?
4
Let x(c) = 2*c + 8. Let h be x(-6). Let q = h - -6. What is the units digit of (-4 - -13)*q/3?
6
Let w(s) = -5*s**3 - 3*s**2 + 2*s - 8. What is the hundreds digit of w(-4)?
2
Suppose -19 = -2*f - 5*u, -3*f + 0*f - 3*u = -15. Suppose -f*b - 16 = -l, 4*b = b. What is the units digit of l?
6
Let g be (-15)/(-10)*(5 + -1). Suppose -2*h - k = 14, 3*k = -5*h - g - 31. Let z = h - -19. What is the tens digit of z?
1
Suppose 4*l + 0*l - 172 = -3*b, 76 = 2*l + 4*b. What is the tens digit of l?
4
Let m be ((-74)/(-6))/(2/(-12)). Let h = m + 114. Suppose 3*g - 2*u = -u + 10, -4*g = 4*u - h. What is the units digit of g?
5
Let v(u) be the third derivative of 5*u**4/8 - 2*u**3 + 4*u**2. Let w be v(8). Suppose 39 = 4*f + 2*l - 47, 5*f + 2*l - w = 0. What is the units digit of f?
2
What is the units digit of ((-4)/(12/15))/(-1)?
5
Let q(a) = 6 - 2*a**3 + 0 + 5*a**2 - 2 + 7*a + 3*a**3. Let d be q(-4). What is the units digit of 0 - -3 - (d + 7)?
4
Let u = 0 + 15. What is the tens digit of u?
1
Let j(p) = p**3 - p**2 - 3*p - 2. Suppose -o = -5*b - 44, 2*o - 28 = b - 3*b. Suppose o - 4 = 5*n. What is the units digit of j(n)?
7
Suppose 3*r = -0*g + 4*g + 321, -r + 109 = -2*g. What is the tens digit of r?
0
Let f(l) = 15*l + 5. What is the units digit of f(5)?
0
Let g = 14 - 2. What is the units digit of g?
2
Let h(j) = -6*j - 1. Let r be (9/(-3) - -1) + 1. What is the units digit of h(r)?
5
Suppose -w + 14 + 0 = 0. Let n = w - 8. What is the units digit of n?
6
Suppose 0 = -4*h - 4*d - 40, 0 = 4*h - 5*d + 11 + 11. What is the units digit of (18/h)/(2/(-16))?
8
Let f(c) = 4*c + 12. Let p(n) = -2*n - 6. Let k(y) = -2*f(y) - 5*p(y). What is the units digit of k(7)?
0
Suppose -3 = -4*a - 11. Let f(o) = 4*o**2 - 2*o - 1. Let q be f(a). Let k = q - 12. What is the units digit of k?
7
Let a = 4 - -29. What is the units digit of a?
3
Suppose -4*d - y + 13 = 0, -4*d - 5*y - 3 + 20 = 0. What is the units digit of -3*((-10)/d + 3)?
1
Let u(n) = n**2 - 7*n + 8. Let g be u(6). Let t be 0 + (3/(-1) - -21). Suppose g*i = -0 + t. What is the units digit of i?
9
Let i = -348 + 592. What is the tens digit of i?
4
Suppose 72 = q + 3*q. Let g = q - -13. What is the units digit of g?
1
Let w(i) = -i**2 + 12*i - 9. Let h = 12 - 4. What is the units digit of w(h)?
3
Suppose -5*u + 70 - 278 = -4*w, -208 = -4*w + 3*u. Suppose 3*v - w = -4. What is the units digit of v?
6
Suppose 2*a - 27 = 3*c, 6 = -c - a + 2. Let y = c - -9. Suppose 0 = 7*f - y*f - 45. What is the units digit of f?
9
Let a = -2 + 3. What is the tens digit of (4/4)/a - -15?
1
Suppose 39 - 159 = -4*z. What is the tens digit of z?
3
Suppose 0*x - 2*x + 10 = 0. Suppose -x*h + 13 + 7 = 0. Suppose j = h + 1. What is the units digit of j?
5
Let b(g) = -g. Let j be b(-3). Suppose -j*s = -5*i - 1, -8 + 0 = -5*s + 2*i. Suppose s*c - 5 = c. What is the units digit of c?
5
What is the units digit of ((-222)/(-8))/(8/32)?
1
Suppose -228 = -8*x + 772. What is the units digit of x?
5
Suppose 3*r - 8*r + 115 = 0. What is the units digit of r?
3
Let p = 21 + -19. Suppose 0 = -f - f + t + 13, 4*t + 20 = 4*f. Suppose -p*u = u - 4*r - f, u - 7 = -3*r. What is the units digit of u?
4
Let f(m) = 313*m + 4. What is the tens digit of f(1)?
1
Suppose 0 = 5*l - 3*w - 9, 0 = 2*l - 0*l + 2*w - 10. Suppose l*d = -0*d. Suppose -4*n - 3*z + 4*z + 49 = 0, d = 2*n - z - 27. What is the units digit of n?
1
Let x be -18*(7/(-2) - 0). Let z = -45 + x. What is the units digit of z?
8
Suppose 18 - 78 = -2*t. What is the tens digit of t?
3
Let r = 58 - 98. What is the 